{"id":957,"date":"2016-07-15T14:20:10","date_gmt":"2016-07-15T14:20:10","guid":{"rendered":"http:\/\/test.kriesi.at\/enfold-medical\/?page_id=957"},"modified":"2020-11-10T20:21:28","modified_gmt":"2020-11-10T20:21:28","slug":"unternehmen","status":"publish","type":"page","link":"https:\/\/www.cias-online.com\/?page_id=957","title":{"rendered":"UNTERNEHMEN"},"content":{"rendered":"<div id='av-layout-grid-1'  class='av-layout-grid-container av-4mb159-8edfc9f8207596469c660d0ec440b268 entry-content-wrapper main_color av-flex-cells  avia-builder-el-0  el_before_av_section  avia-builder-el-first   container_wrap sidebar_right'  >\n\n<style type=\"text\/css\" data-created_by=\"avia_inline_auto\" id=\"style-css-av-4go8zp-a0eed15fb8a73b3512e5ad8a91735a41\">\n.flex_cell.av-4go8zp-a0eed15fb8a73b3512e5ad8a91735a41{\nvertical-align:middle;\nheight:500px;\nmin-height:500px;\npadding:0px 0px 0px 0px;\nbackground:url(https:\/\/www.cias-online.com\/wp-content\/uploads\/2020\/11\/Fotolia_395261_M.jpg) 0% 0% no-repeat scroll #22689e;\n}\n<\/style>\n<div class='flex_cell av_one_half av-4go8zp-a0eed15fb8a73b3512e5ad8a91735a41 no_margin  avia-builder-el-1  el_before_av_cell_one_half  avia-builder-el-first  av-zero-padding avia-full-stretch' ><div class='flex_cell_inner'><\/div><\/div>\n<style type=\"text\/css\" data-created_by=\"avia_inline_auto\" id=\"style-css-av-4904el-94be35478c02f1c26c36226bf0dcb384\">\n.flex_cell.av-4904el-94be35478c02f1c26c36226bf0dcb384{\nvertical-align:middle;\nheight:500px;\nmin-height:500px;\npadding:80px 80px 80px 80px;\nbackground-color:#22689e;\n}\n<\/style>\n<div class='flex_cell av_one_half av-4904el-94be35478c02f1c26c36226bf0dcb384 no_margin  avia-builder-el-2  el_after_av_cell_one_half  avia-builder-el-last ' ><div class='flex_cell_inner'><p>\n<style type=\"text\/css\" data-created_by=\"avia_inline_auto\" id=\"style-css-av-khcez5j8-245cb704014a31bf998d57ea6b093ea6\">\n#top .av-special-heading.av-khcez5j8-245cb704014a31bf998d57ea6b093ea6{\npadding-bottom:25px;\ncolor:#ffffff;\nfont-size:34px;\n}\nbody .av-special-heading.av-khcez5j8-245cb704014a31bf998d57ea6b093ea6 .av-special-heading-tag .heading-char{\nfont-size:25px;\n}\n#top #wrap_all .av-special-heading.av-khcez5j8-245cb704014a31bf998d57ea6b093ea6 .av-special-heading-tag{\nfont-size:34px;\n}\n.av-special-heading.av-khcez5j8-245cb704014a31bf998d57ea6b093ea6 .special-heading-inner-border{\nborder-color:#ffffff;\n}\n.av-special-heading.av-khcez5j8-245cb704014a31bf998d57ea6b093ea6 .av-subheading{\nfont-size:15px;\n}\n<\/style>\n<div  class='av-special-heading av-khcez5j8-245cb704014a31bf998d57ea6b093ea6 av-special-heading-h3 custom-color-heading blockquote modern-quote  avia-builder-el-3  el_before_av_textblock  avia-builder-el-first  av-inherit-size'><div class='av_custom_color av-subheading av-subheading_above'><p>CIAS<\/p>\n<\/div><h3 class='av-special-heading-tag'  itemprop=\"headline\"  >CIAS steht f\u00fcr: Concepts for Industrial and Automotive Systems <\/h3><div class=\"special-heading-border\"><div class=\"special-heading-inner-border\"><\/div><\/div><\/div><br \/>\n\n<style type=\"text\/css\" data-created_by=\"avia_inline_auto\" id=\"style-css-av-3vpxwd-23e3e5f3530644f4ef395f9ba75adb5c\">\n#top .av_textblock_section.av-3vpxwd-23e3e5f3530644f4ef395f9ba75adb5c .avia_textblock{\ncolor:#ffffff;\n}\n<\/style>\n<section  class='av_textblock_section av-3vpxwd-23e3e5f3530644f4ef395f9ba75adb5c'  itemscope=\"itemscope\" itemtype=\"https:\/\/schema.org\/CreativeWork\" ><div class='avia_textblock av_inherit_color'  itemprop=\"text\" ><p>CIAS ist ein erfahrener Partner f\u00fcr Systementwicklung im Middle-End- Engineering und im Bereich <strong>Engineering Services<\/strong>: leistungsstark und kompetent!<\/p>\n<\/div><\/section><\/p>\n<\/div><\/div><\/div><div id='av_section_1'  class='avia-section av-3q425h-91ddc115fdd784803943c6369ce148e3 main_color avia-section-huge avia-no-border-styling  avia-builder-el-5  el_after_av_layout_row  el_before_av_layout_row  avia-bg-style-scroll container_wrap sidebar_right'  ><div class='container av-section-cont-open' ><div class='template-page content  av-content-small alpha units'><div class='post-entry post-entry-type-page post-entry-957'><div class='entry-content-wrapper clearfix'>\n\n<style type=\"text\/css\" data-created_by=\"avia_inline_auto\" id=\"style-css-av-3kcu9x-2a1a759f9b144040d28cadcdc39e125d\">\n.flex_column.av-3kcu9x-2a1a759f9b144040d28cadcdc39e125d{\nborder-radius:0px 0px 0px 0px;\n-webkit-border-radius:0px 0px 0px 0px;\n-moz-border-radius:0px 0px 0px 0px;\n}\n<\/style>\n<div class='flex_column av-3kcu9x-2a1a759f9b144040d28cadcdc39e125d av_one_full  avia-builder-el-6  avia-builder-el-no-sibling  first flex_column_div  av-animated-generic bottom-to-top av-zero-column-padding '   ><p>\n<style type=\"text\/css\" data-created_by=\"avia_inline_auto\" id=\"style-css-av-khcf0zvr-c53460a4ac5790451825142bc32c296a\">\n#top .av-special-heading.av-khcf0zvr-c53460a4ac5790451825142bc32c296a{\npadding-bottom:20px;\nfont-size:34px;\n}\nbody .av-special-heading.av-khcf0zvr-c53460a4ac5790451825142bc32c296a .av-special-heading-tag .heading-char{\nfont-size:25px;\n}\n#top #wrap_all .av-special-heading.av-khcf0zvr-c53460a4ac5790451825142bc32c296a .av-special-heading-tag{\nfont-size:34px;\n}\n.av-special-heading.av-khcf0zvr-c53460a4ac5790451825142bc32c296a .av-subheading{\nfont-size:15px;\n}\n<\/style>\n<div  class='av-special-heading av-khcf0zvr-c53460a4ac5790451825142bc32c296a av-special-heading-h3 blockquote modern-quote  avia-builder-el-7  el_before_av_textblock  avia-builder-el-first  av-inherit-size'><div class='av-subheading av-subheading_above'><p>Lassen Sie uns uns vorstellen<\/p>\n<\/div><h3 class='av-special-heading-tag'  itemprop=\"headline\"  >Automotive und Energy<\/h3><div class=\"special-heading-border\"><div class=\"special-heading-inner-border\"><\/div><\/div><\/div><br \/>\n<section  class='av_textblock_section av-36m08d-f79e5a870c2bd7afd79e09174fe69238'  itemscope=\"itemscope\" itemtype=\"https:\/\/schema.org\/CreativeWork\" ><div class='avia_textblock'  itemprop=\"text\" ><p><span lang=\"DE\">Zu den Kunden von CIAS z\u00e4hlen die bedeutendsten Unternehmen aus den Branchen <strong><span style=\"color: #0000cc;\">Automotive<\/span><\/strong> und <strong><span style=\"color: #0000cc;\">Energy<\/span>.<\/strong> Sie alle verlassen sich auf die Entwicklungskompetenz, auf die F\u00e4higkeit zur Innovation, auf die qualifizierten Personalkapazit\u00e4ten, aber insbesondere auf die Leistungsbereitschaft und Dienstleistungsorientierung von CIAS. <\/span><\/p>\n<p><span lang=\"DE\">Wir begleiten unsere Partner schon in den fr\u00fchen Entwurfsphasen durch Simulation von Entwicklungsprodukten und Systemfunktionen bis hin in den sp\u00e4ten Entwicklungsphasen durch Systemtests und Intergration. Dabei setzen wir verst\u00e4rkt die Testautomatisierung ein, um bessere Ergebnisse zu erzielen<\/span><\/p>\n<p><span lang=\"DE\">F\u00fcr das Unternehmen mit Hauptsitz in Ingolstadt sind wir kontinuierlich im Aufbau im ganzen Deutschland t\u00e4tig.<\/span><\/p>\n<\/div><\/section><\/p><\/div><\/div><\/div><\/div><!-- close content main div --><\/div><\/div><div id='av-layout-grid-2'  class='av-layout-grid-container av-9c3i5-fba496e646bf864f0d31cc99b328957e entry-content-wrapper main_color av-flex-cells  avia-builder-el-9  el_after_av_section  el_before_av_layout_row  grid-row-not-first  container_wrap sidebar_right'  >\n\n<style type=\"text\/css\" data-created_by=\"avia_inline_auto\" id=\"style-css-av-2cn2et-e2691eb65953aa054578963ffb1aaeda\">\n.flex_cell.av-2cn2et-e2691eb65953aa054578963ffb1aaeda{\nvertical-align:middle;\nheight:500px;\nmin-height:500px;\npadding:0px 0px 0px 0px;\nbackground:url(https:\/\/www.cias-online.com\/wp-content\/uploads\/2020\/11\/WhatsApp-Image-2020-11-10-at-14.18.11.jpeg) 50% 50% no-repeat scroll #22689e;\n}\n<\/style>\n<div class='flex_cell av_one_half av-2cn2et-e2691eb65953aa054578963ffb1aaeda no_margin  avia-builder-el-10  el_before_av_cell_one_half  avia-builder-el-first  av-zero-padding avia-full-stretch' ><div class='flex_cell_inner'><\/div><\/div>\n<style type=\"text\/css\" data-created_by=\"avia_inline_auto\" id=\"style-css-av-7xsjp-95f0b1cfce956db5e8449133911f09f3\">\n.flex_cell.av-7xsjp-95f0b1cfce956db5e8449133911f09f3{\nvertical-align:middle;\nheight:500px;\nmin-height:500px;\npadding:80px 80px 80px 80px;\nbackground-color:#22689e;\n}\n<\/style>\n<div class='flex_cell av_one_half av-7xsjp-95f0b1cfce956db5e8449133911f09f3 no_margin  avia-builder-el-11  el_after_av_cell_one_half  avia-builder-el-last ' ><div class='flex_cell_inner'><p>\n<style type=\"text\/css\" data-created_by=\"avia_inline_auto\" id=\"style-css-av-khcf3enc-75dc36dff90155d6126f20971efd8d03\">\n#top .av-special-heading.av-khcf3enc-75dc36dff90155d6126f20971efd8d03{\npadding-bottom:25px;\ncolor:#ffffff;\nfont-size:34px;\n}\nbody .av-special-heading.av-khcf3enc-75dc36dff90155d6126f20971efd8d03 .av-special-heading-tag .heading-char{\nfont-size:25px;\n}\n#top #wrap_all .av-special-heading.av-khcf3enc-75dc36dff90155d6126f20971efd8d03 .av-special-heading-tag{\nfont-size:34px;\n}\n.av-special-heading.av-khcf3enc-75dc36dff90155d6126f20971efd8d03 .special-heading-inner-border{\nborder-color:#ffffff;\n}\n.av-special-heading.av-khcf3enc-75dc36dff90155d6126f20971efd8d03 .av-subheading{\nfont-size:15px;\n}\n<\/style>\n<div  class='av-special-heading av-khcf3enc-75dc36dff90155d6126f20971efd8d03 av-special-heading-h3 custom-color-heading blockquote modern-quote  avia-builder-el-12  el_before_av_textblock  avia-builder-el-first  av-inherit-size'><div class='av_custom_color av-subheading av-subheading_above'><p>Lorem ipsum dolor sit amet<\/p>\n<\/div><h3 class='av-special-heading-tag'  itemprop=\"headline\"  >Solartechnik u. Energy<\/h3><div class=\"special-heading-border\"><div class=\"special-heading-inner-border\"><\/div><\/div><\/div><br \/>\n\n<style type=\"text\/css\" data-created_by=\"avia_inline_auto\" id=\"style-css-av-6zh7h-a0078f9c7c3be82c7c95a8dc50dbeba3\">\n#top .av_textblock_section.av-6zh7h-a0078f9c7c3be82c7c95a8dc50dbeba3 .avia_textblock{\ncolor:#ffffff;\n}\n<\/style>\n<section  class='av_textblock_section av-6zh7h-a0078f9c7c3be82c7c95a8dc50dbeba3'  itemscope=\"itemscope\" itemtype=\"https:\/\/schema.org\/CreativeWork\" ><div class='avia_textblock av_inherit_color'  itemprop=\"text\" ><p>Lorem ipsum dolor sit amet, consectetuer adipiscing elit. Aenean commodo ligula eget dolor. Aenean massa. Cum sociis natoque penatibur ridiculus mus.<\/p>\n<\/div><\/section><\/p>\n<\/div><\/div><\/div><div id='av-layout-grid-3'  class='av-layout-grid-container av-1td8sd-cd015e009250904727e4d164ed646af2 entry-content-wrapper main_color av-flex-cells  avia-builder-el-14  el_after_av_layout_row  el_before_av_layout_row  grid-row-not-first  container_wrap sidebar_right'  >\n\n<style type=\"text\/css\" data-created_by=\"avia_inline_auto\" id=\"style-css-av-1kvjdx-7c4ed6d6fa51b29d86ced0af1b34702b\">\n.flex_cell.av-1kvjdx-7c4ed6d6fa51b29d86ced0af1b34702b{\nvertical-align:middle;\nheight:500px;\nmin-height:500px;\npadding:80px 80px 80px 80px;\n}\n<\/style>\n<div class='flex_cell av_one_half av-1kvjdx-7c4ed6d6fa51b29d86ced0af1b34702b no_margin  avia-builder-el-15  el_before_av_cell_one_half  avia-builder-el-first ' ><div class='flex_cell_inner'><p>\n<style type=\"text\/css\" data-created_by=\"avia_inline_auto\" id=\"style-css-av-khcf5ev1-78f069f2310905c1da74b8fa4a28621d\">\n#top .av-special-heading.av-khcf5ev1-78f069f2310905c1da74b8fa4a28621d{\npadding-bottom:25px;\nfont-size:34px;\n}\nbody .av-special-heading.av-khcf5ev1-78f069f2310905c1da74b8fa4a28621d .av-special-heading-tag .heading-char{\nfont-size:25px;\n}\n#top #wrap_all .av-special-heading.av-khcf5ev1-78f069f2310905c1da74b8fa4a28621d .av-special-heading-tag{\nfont-size:34px;\n}\n.av-special-heading.av-khcf5ev1-78f069f2310905c1da74b8fa4a28621d .av-subheading{\nfont-size:15px;\n}\n<\/style>\n<div  class='av-special-heading av-khcf5ev1-78f069f2310905c1da74b8fa4a28621d av-special-heading-h3 blockquote modern-quote  avia-builder-el-16  el_before_av_textblock  avia-builder-el-first  av-inherit-size'><div class='av-subheading av-subheading_above'><p>Lorem ipsum dolor sit amet<\/p>\n<\/div><h3 class='av-special-heading-tag'  itemprop=\"headline\"  >Engineering Services<\/h3><div class=\"special-heading-border\"><div class=\"special-heading-inner-border\"><\/div><\/div><\/div><br \/>\n<section  class='av_textblock_section av-17reh1-4b89834c677079081f2fd0d2d52126a2'  itemscope=\"itemscope\" itemtype=\"https:\/\/schema.org\/CreativeWork\" ><div class='avia_textblock'  itemprop=\"text\" ><p>Lorem ipsum dolor sit amet, consectetuer adipiscing elit. Aenean commodo ligula eget dolor. Aenean massa. Cum sociis natoque penatibur ridiculus mus.<\/p>\n<\/div><\/section><\/p>\n<\/div><\/div>\n<style type=\"text\/css\" data-created_by=\"avia_inline_auto\" id=\"style-css-av-14mgvx-63631fd9f7be015c5cf76614c89be774\">\n.flex_cell.av-14mgvx-63631fd9f7be015c5cf76614c89be774{\nvertical-align:middle;\nheight:500px;\nmin-height:500px;\npadding:0px 0px 0px 0px;\nbackground:url(https:\/\/www.cias-online.com\/wp-content\/uploads\/2020\/11\/Fotolia_203412_M.jpg) 50% 50% no-repeat scroll #22689e;\n}\n<\/style>\n<div class='flex_cell av_one_half av-14mgvx-63631fd9f7be015c5cf76614c89be774 no_margin  avia-builder-el-18  el_after_av_cell_one_half  avia-builder-el-last  av-zero-padding avia-full-stretch' ><div class='flex_cell_inner'><\/div><\/div><\/div><div id='av-layout-grid-4'  class='av-layout-grid-container av-ym2rh-1d7a96075c9b7963a6401a2ebee87e7a entry-content-wrapper main_color av-flex-cells  avia-builder-el-19  el_after_av_layout_row  avia-builder-el-last  grid-row-not-first  container_wrap sidebar_right'  >\n\n<style type=\"text\/css\" data-created_by=\"avia_inline_auto\" id=\"style-css-av-saky5-f4e89ec13bc098f30d12c46cdf3a9431\">\n.flex_cell.av-saky5-f4e89ec13bc098f30d12c46cdf3a9431{\nvertical-align:middle;\nheight:500px;\nmin-height:500px;\npadding:0px 0px 0px 0px;\nbackground:url(https:\/\/www.cias-online.com\/wp-content\/uploads\/2016\/07\/medical-report-m-845x684.jpg) 0% 0% no-repeat scroll #22689e;\n}\n<\/style>\n<div class='flex_cell av_one_half av-saky5-f4e89ec13bc098f30d12c46cdf3a9431 no_margin  avia-builder-el-20  el_before_av_cell_one_half  avia-builder-el-first  av-zero-padding avia-full-stretch' ><div class='flex_cell_inner'><\/div><\/div>\n<style type=\"text\/css\" data-created_by=\"avia_inline_auto\" id=\"style-css-av-ku7ol-596ddf74517e5c164a26afad5c8031f4\">\n.flex_cell.av-ku7ol-596ddf74517e5c164a26afad5c8031f4{\nvertical-align:middle;\nheight:500px;\nmin-height:500px;\npadding:80px 80px 80px 80px;\nbackground-color:#22689e;\n}\n<\/style>\n<div class='flex_cell av_one_half av-ku7ol-596ddf74517e5c164a26afad5c8031f4 no_margin  avia-builder-el-21  el_after_av_cell_one_half  avia-builder-el-last ' ><div class='flex_cell_inner'><p>\n<style type=\"text\/css\" data-created_by=\"avia_inline_auto\" id=\"style-css-av-khcf5wb5-38ce1b8cadfc3d197825f19677eb4b09\">\n#top .av-special-heading.av-khcf5wb5-38ce1b8cadfc3d197825f19677eb4b09{\npadding-bottom:25px;\ncolor:#ffffff;\nfont-size:34px;\n}\nbody .av-special-heading.av-khcf5wb5-38ce1b8cadfc3d197825f19677eb4b09 .av-special-heading-tag .heading-char{\nfont-size:25px;\n}\n#top #wrap_all .av-special-heading.av-khcf5wb5-38ce1b8cadfc3d197825f19677eb4b09 .av-special-heading-tag{\nfont-size:34px;\n}\n.av-special-heading.av-khcf5wb5-38ce1b8cadfc3d197825f19677eb4b09 .special-heading-inner-border{\nborder-color:#ffffff;\n}\n.av-special-heading.av-khcf5wb5-38ce1b8cadfc3d197825f19677eb4b09 .av-subheading{\nfont-size:15px;\n}\n<\/style>\n<div  class='av-special-heading av-khcf5wb5-38ce1b8cadfc3d197825f19677eb4b09 av-special-heading-h3 custom-color-heading blockquote modern-quote  avia-builder-el-22  el_before_av_textblock  avia-builder-el-first  av-inherit-size'><div class='av_custom_color av-subheading av-subheading_above'><p>Lorem ipsum dolor sit amet<\/p>\n<\/div><h3 class='av-special-heading-tag'  itemprop=\"headline\"  >Automotive<\/h3><div class=\"special-heading-border\"><div class=\"special-heading-inner-border\"><\/div><\/div><\/div><br \/>\n\n<style type=\"text\/css\" data-created_by=\"avia_inline_auto\" id=\"style-css-av-autet-76e30933a551a02c7e429259ec02b4fe\">\n#top .av_textblock_section.av-autet-76e30933a551a02c7e429259ec02b4fe .avia_textblock{\ncolor:#ffffff;\n}\n<\/style>\n<section  class='av_textblock_section av-autet-76e30933a551a02c7e429259ec02b4fe'  itemscope=\"itemscope\" itemtype=\"https:\/\/schema.org\/CreativeWork\" ><div class='avia_textblock av_inherit_color'  itemprop=\"text\" ><p>Lorem ipsum dolor sit amet, consectetuer adipiscing elit. Aenean commodo ligula eget dolor. Aenean massa. Cum sociis natoque penatibur ridiculus mus.<\/p>\n<\/div><\/section><\/p>\n<\/div><\/div><\/div><\/p>\n","protected":false},"excerpt":{"rendered":"","protected":false},"author":1,"featured_media":0,"parent":0,"menu_order":0,"comment_status":"closed","ping_status":"closed","template":"","meta":{"footnotes":""},"class_list":["post-957","page","type-page","status-publish","hentry"],"_links":{"self":[{"href":"https:\/\/www.cias-online.com\/index.php?rest_route=\/wp\/v2\/pages\/957","targetHints":{"allow":["GET"]}}],"collection":[{"href":"https:\/\/www.cias-online.com\/index.php?rest_route=\/wp\/v2\/pages"}],"about":[{"href":"https:\/\/www.cias-online.com\/index.php?rest_route=\/wp\/v2\/types\/page"}],"author":[{"embeddable":true,"href":"https:\/\/www.cias-online.com\/index.php?rest_route=\/wp\/v2\/users\/1"}],"replies":[{"embeddable":true,"href":"https:\/\/www.cias-online.com\/index.php?rest_route=%2Fwp%2Fv2%2Fcomments&post=957"}],"version-history":[{"count":5,"href":"https:\/\/www.cias-online.com\/index.php?rest_route=\/wp\/v2\/pages\/957\/revisions"}],"predecessor-version":[{"id":1196,"href":"https:\/\/www.cias-online.com\/index.php?rest_route=\/wp\/v2\/pages\/957\/revisions\/1196"}],"wp:attachment":[{"href":"https:\/\/www.cias-online.com\/index.php?rest_route=%2Fwp%2Fv2%2Fmedia&parent=957"}],"curies":[{"name":"wp","href":"https:\/\/api.w.org\/{rel}","templated":true}]}}